{"id":114,"date":"2024-10-05T12:30:45","date_gmt":"2024-10-05T10:30:45","guid":{"rendered":"https:\/\/demj.bplaced.net\/tv\/?page_id=114"},"modified":"2024-10-05T12:31:53","modified_gmt":"2024-10-05T10:31:53","slug":"riegenausflug-2020","status":"publish","type":"page","link":"https:\/\/demj.bplaced.net\/tv\/riegenausflug-2020\/","title":{"rendered":"Riegenausflug 2020"},"content":{"rendered":"\n<p>Erstmals in der langen Geschichte unserer Riegen-Ausfl\u00fcge mischte sich ein ungebetener Gast dazu \u2013 Corona-Virus-Covid 19.&nbsp; Nach vielem Hin und Her, waren es letztlich 10 Turner, die grunds\u00e4tzlich alle zur \u201eRisikogruppe\u201c der \u00fcber 60-j\u00e4hrigen z\u00e4hlen, aber jedoch, meiner \u00fcberzeugten Ansicht nach, durch ihre sportliche Lebensf\u00fchrung \u00fcber ein gesteigertes Immunsystem verf\u00fcgen! Zudem war in den beiden ger\u00e4umigen Kleinbussen durch eine F\u00fcnferbesetzung viel Platz und daher eine ausreichende Abstandhaltung&nbsp; gew\u00e4hrleistet. Mund-Nasenschutz tragen wurde ebenso \u00fcberall dort, wo es vorgeschrieben war, eingehalten. Als Belohnung f\u00fcr diese ungewohnten Umst\u00e4nde gelangte eine von Alfons Mairhofer perfekt ausgearbeitete Reiseplanung zur Umsetzung. Zugegeben \u2013 ein bisserl Technikfreak oder Benzinbruder zu sein \u2013 hatte nicht geschadet.<a><\/a><\/p>\n\n\n\n<p>Los ging es p\u00fcnktlich am 30.September um 7:30 Uhr bei der Turnhalle. Die bereits bestens bew\u00e4hrten Chauffeure Walter und Moosi gaben Gas und fuhren durchs Innviertel und Kobernau\u00dferwald zur <strong>KTM Motohall <\/strong>in Mattighofen. Ein, objektiv betrachtet, architektonisch beeindruckendes Geb\u00e4ude stand da vor uns (egal ob \u00f6ffentlich gef\u00f6rdert oder nicht). Drinnen empf\u00e4ngt einen sehr freundliches Personal, insbesondere unsere kompetente F\u00fchrerin Sabine. Der Rest ist Technik in seiner h\u00f6chsten Vollendung. Die Entwicklung des Unternehmens seit 1954 bis herauf in die Gegenwart wird eindrucksvoll mit vielen Exponaten pr\u00e4sentiert und erkl\u00e4rt. Durch technische Animationen und Videopr\u00e4sentationen taucht man tief in diese Welt der Motorr\u00e4der ein, die da im Innviertel f\u00fcr den Alltag, als auch f\u00fcr den Rennsport, gebaut werden. Siege bei der Dakar und Moto GP zeugen von dieser weltweiten Spitzenpositionierung.<\/p>\n\n\n\n<p>Weiter ging es dann nach Mattsee zum Mittagessen in den Stiftskeller und nachher zu Fu\u00df zum <strong>fahr(T)raum<\/strong> &#8211; einem Privatmuseum, welches das Genie Ferdinand Porsche vorstellt. Eine imposante W\u00fcrdigung dieses Erfinders und Ingenieurs. Perfekt erhaltene, restaurierte und fahrtt\u00fcchtige Oldtimer stehen da nebeneinander. Erg\u00e4nzt durch viele Gschichterl, die unser F\u00fchrer lustig einstreute, konnte uns die \u00f6sterreichische Automobilgeschichte uvm.&nbsp; ganz nahe ger\u00fcckt werden.<\/p>\n\n\n\n<figure class=\"wp-block-gallery has-nested-images columns-1 is-cropped wp-block-gallery-1 is-layout-flex wp-block-gallery-is-layout-flex\">\n<figure class=\"wp-block-image size-large\"><a href=\"https:\/\/demj.bplaced.net\/tv\/wp-content\/uploads\/2024\/10\/Motohall.png\"><img loading=\"lazy\" decoding=\"async\" width=\"438\" height=\"327\" data-id=\"115\" src=\"https:\/\/demj.bplaced.net\/tv\/wp-content\/uploads\/2024\/10\/Motohall.png\" alt=\"\" class=\"wp-image-115\" srcset=\"https:\/\/demj.bplaced.net\/tv\/wp-content\/uploads\/2024\/10\/Motohall.png 438w, https:\/\/demj.bplaced.net\/tv\/wp-content\/uploads\/2024\/10\/Motohall-300x224.png 300w\" sizes=\"auto, (max-width: 438px) 100vw, 438px\" \/><\/a><\/figure>\n\n\n\n<figure class=\"wp-block-image size-large\"><a href=\"https:\/\/demj.bplaced.net\/tv\/wp-content\/uploads\/2024\/10\/Porschemuseum.png\"><img loading=\"lazy\" decoding=\"async\" width=\"436\" height=\"324\" data-id=\"116\" src=\"https:\/\/demj.bplaced.net\/tv\/wp-content\/uploads\/2024\/10\/Porschemuseum.png\" alt=\"\" class=\"wp-image-116\" srcset=\"https:\/\/demj.bplaced.net\/tv\/wp-content\/uploads\/2024\/10\/Porschemuseum.png 436w, https:\/\/demj.bplaced.net\/tv\/wp-content\/uploads\/2024\/10\/Porschemuseum-300x223.png 300w\" sizes=\"auto, (max-width: 436px) 100vw, 436px\" \/><\/a><\/figure>\n<\/figure>\n\n\n\n<p>Letzter gef\u00fchrter Programmpunkt unseres ersten Ausflugstages war die <strong>Trumer Welt<\/strong>-Privatbrauerei Josef Sigl in Obertrum. Unglaublich mit welchem Charme und Kompetenz uns Johanna&nbsp; in die Welt des Trumer-Bieres verf\u00fchrte. Sie erz\u00e4hlte uns von der Wichtigkeit der Qualit\u00e4t bei den Rohstoffen, der Mikrobiologie w\u00e4hrend der Verg\u00e4rung und der gro\u00dfen Bedeutung der Betriebshygiene. Neben dem historischen Sudhaus mit den bekannten Kupferkessel steht bereits eine vollautomatische Brauerei aus Edelstahl. Der ganze Stolz ist aber dann gegen\u00fcber jenes moderne Geb\u00e4ude, wo einerseits die eigene Reinzuchthefe weiter vermehrt wird und, ein Stockwerk h\u00f6her, die offene G\u00e4rung &nbsp;temperaturgef\u00fchrt stattfindet. Nat\u00fcrlich getrennt durch eine Glasscheibe. Zu guter Letzt dann endlich die Verkostung des Trumer Pils, dazu eine sensationell schmeckende frische Brezn. Der Abschied fiel uns schwer&nbsp; &#8211; Prost!<\/p>\n\n\n\n<p>Nun ging es nur mehr darum, das Hotel-Gasthof \u201e Mostwastl\u201c &#8211; unser Quartier in Gr\u00f6dig &#8211; zu erreichen. Check in \u2013 Abendessen \u2013 \u00fcber den Abendverlauf darf geschwiegen werden, doch soviel darf verraten werden \u2013 s`Bier hat gschmeckt !<\/p>\n\n\n\n<p><strong>2.Tag<\/strong> \u2013 Bei herrlichem Sonnenschein geht es zeitig nach dem Fr\u00fchst\u00fcck ab nach Berchtesgaden zum K\u00f6nigssee. Dort herrschte anfangs noch Bodennebel, der sich aber im Laufe der einst\u00fcndigen Schiffahrt \u00fcber den See lichtete. Der Schiffbegleiter erz\u00e4hlte uns inzwischen viele Details \u00fcber den See und setzte sogar sein Fl\u00fcgelhorn an, um uns das ber\u00fchmte Echo vom K\u00f6nigssee h\u00f6ren zu lassen. Angekommen am S\u00fcdufer in Salet, begann unsere Tageswanderung zum Obersee und weiter zur Fischunkelalm. Die Landschaft, hier im Nationalpark Berchtesgaden, pr\u00e4sentierte sich in einer \u00fcberw\u00e4ltigenden Sch\u00f6nheit und Unber\u00fchrtheit. Der Gro\u00dfteil der Gruppe wanderte noch weiter zum R\u00f6thbachfall &#8211; dem mit 475 m h\u00f6chsten Wasserfall Deutschlands. Ob man dann zur\u00fcck zum Watzmann-Massiv blickte oder die Farbspiele des Sees bewunderte \u2013 einfach nur noch sch\u00f6n. Insgesamt wanderten wir ca. 9 km und fuhren dann wieder mit dem Schiff zur\u00fcck zu einem Zwischenstopp auf der Halbinsel Hirschau mit der Wallfahrtskirche Sankt Bartholom\u00e4. Im sch\u00f6nen Gastgarten nahmen wir dann das Mittagessen mit hervorragendem Bayrischen Bier zu uns. Wieder zur\u00fcck in unserem Hotel angekommen, hoben wir abschlie\u00dfend noch im herrlichen Gastgarten, mit den letzten Strahlen der Abendsonne, unsere Gl\u00e4ser!<\/p>\n\n\n\n<figure class=\"wp-block-gallery has-nested-images columns-1 is-cropped wp-block-gallery-2 is-layout-flex wp-block-gallery-is-layout-flex\">\n<figure class=\"wp-block-image size-large\"><a href=\"https:\/\/demj.bplaced.net\/tv\/wp-content\/uploads\/2024\/10\/Koenigssee.png\"><img loading=\"lazy\" decoding=\"async\" width=\"463\" height=\"347\" data-id=\"118\" src=\"https:\/\/demj.bplaced.net\/tv\/wp-content\/uploads\/2024\/10\/Koenigssee.png\" alt=\"\" class=\"wp-image-118\" srcset=\"https:\/\/demj.bplaced.net\/tv\/wp-content\/uploads\/2024\/10\/Koenigssee.png 463w, https:\/\/demj.bplaced.net\/tv\/wp-content\/uploads\/2024\/10\/Koenigssee-300x225.png 300w\" sizes=\"auto, (max-width: 463px) 100vw, 463px\" \/><\/a><\/figure>\n\n\n\n<figure class=\"wp-block-image size-large\"><a href=\"https:\/\/demj.bplaced.net\/tv\/wp-content\/uploads\/2024\/10\/Gasthaus.png\"><img loading=\"lazy\" decoding=\"async\" width=\"464\" height=\"347\" data-id=\"119\" src=\"https:\/\/demj.bplaced.net\/tv\/wp-content\/uploads\/2024\/10\/Gasthaus.png\" alt=\"\" class=\"wp-image-119\" srcset=\"https:\/\/demj.bplaced.net\/tv\/wp-content\/uploads\/2024\/10\/Gasthaus.png 464w, https:\/\/demj.bplaced.net\/tv\/wp-content\/uploads\/2024\/10\/Gasthaus-300x224.png 300w\" sizes=\"auto, (max-width: 464px) 100vw, 464px\" \/><\/a><\/figure>\n<\/figure>\n\n\n\n<p><strong>3.Tag<\/strong>&nbsp;&nbsp; Fr\u00fchst\u00fcck \u2013 Checkout \u2013 Fahrt nach Salzburg \u2013 Treffpunkt am Mirabellplatz mit Sabine Rath zu einer Stadtf\u00fchrung. Sie unternahm mit uns eine sehr lustige Tour durch die Salzburger Altstadt, gespickt mit sehr viel Detailwissen, aber auch mit durchaus kritischen Anmerkungen zu den Festspielen und diversen Namens\u00e4nderungen in der Stadt. Die Tour endete letztlich am Alten Markt, Pepi Eisenk\u00f6ck \u00fcbernahm und f\u00fchrte uns zum Niedersitzen ins Stern Br\u00e4u \u2013 Prost. &nbsp;Wieder raus aus der Stadt \u2013 hinaus nach Gr\u00f6dig zu&nbsp; \u201eFischspezialit\u00e4ten Walter Gr\u00fcll\u201c, wo schon f\u00fcr ein hervorragendes Mittagessen aufgedeckt war. Walter Humer lie\u00df es sich nicht nehmen, eine Magnum Gr\u00fcner Veltliner zum delikaten Fischmen\u00fc zu spendieren. Anschlie\u00dfend hatten wir dann nur noch den letzten Programmpunkt des Ausfluges vor uns \u2013 den Besuch im Hangar 7. Ein beeindruckendes Geb\u00e4ude aus Stahl und Glas hat uns empfangen und der Kreis zum ersten Tag hat sich auch geschlossen &#8211; erneut eine tolle Architektur und Technik in h\u00f6chster Vollendung! &nbsp;&nbsp;Formel 1-Autos und Flugzeuge aller Art &#8211;&nbsp; dicht nebeneinander elegant aufgestellt und zum Greifen nahe.<\/p>\n\n\n\n<p>Ein wunderbarer Riegenausflug ging letztlich nach einer nicht allzu langen R\u00fcckfahrt nach Grieskirchen zu Ende. Ganz gro\u00dfen Dank an unsere Fahrer Moosi und Walter und unserem Organisator Alfons !!!&nbsp;&nbsp;&nbsp;&nbsp;&nbsp;&nbsp;&nbsp;&nbsp;&nbsp;&nbsp;&nbsp;&nbsp;&nbsp;&nbsp;&nbsp; &nbsp;&nbsp;&nbsp;&nbsp;&nbsp;&nbsp;&nbsp;&nbsp;&nbsp;&nbsp;&nbsp;&nbsp;&nbsp;&nbsp;&nbsp; &nbsp;&nbsp;&nbsp;&nbsp;&nbsp;&nbsp;<\/p>\n\n\n\n<p>Herbert Aigner<\/p>\n","protected":false},"excerpt":{"rendered":"<p>Erstmals in der langen Geschichte unserer Riegen-Ausfl\u00fcge mischte sich ein ungebetener Gast dazu \u2013 Corona-Virus-Covid 19.&nbsp; Nach vielem Hin und Her, waren es letztlich 10 Turner, die grunds\u00e4tzlich alle zur \u201eRisikogruppe\u201c der \u00fcber 60-j\u00e4hrigen z\u00e4hlen, aber jedoch, meiner \u00fcberzeugten Ansicht nach, durch ihre sportliche Lebensf\u00fchrung \u00fcber ein gesteigertes Immunsystem verf\u00fcgen! Zudem war in den beiden [&hellip;]<\/p>\n","protected":false},"author":1,"featured_media":0,"parent":0,"menu_order":0,"comment_status":"closed","ping_status":"closed","template":"","meta":{"footnotes":""},"class_list":["post-114","page","type-page","status-publish","hentry"],"_links":{"self":[{"href":"https:\/\/demj.bplaced.net\/tv\/wp-json\/wp\/v2\/pages\/114","targetHints":{"allow":["GET"]}}],"collection":[{"href":"https:\/\/demj.bplaced.net\/tv\/wp-json\/wp\/v2\/pages"}],"about":[{"href":"https:\/\/demj.bplaced.net\/tv\/wp-json\/wp\/v2\/types\/page"}],"author":[{"embeddable":true,"href":"https:\/\/demj.bplaced.net\/tv\/wp-json\/wp\/v2\/users\/1"}],"replies":[{"embeddable":true,"href":"https:\/\/demj.bplaced.net\/tv\/wp-json\/wp\/v2\/comments?post=114"}],"version-history":[{"count":3,"href":"https:\/\/demj.bplaced.net\/tv\/wp-json\/wp\/v2\/pages\/114\/revisions"}],"predecessor-version":[{"id":121,"href":"https:\/\/demj.bplaced.net\/tv\/wp-json\/wp\/v2\/pages\/114\/revisions\/121"}],"wp:attachment":[{"href":"https:\/\/demj.bplaced.net\/tv\/wp-json\/wp\/v2\/media?parent=114"}],"curies":[{"name":"wp","href":"https:\/\/api.w.org\/{rel}","templated":true}]}}

<p>Erstmals in der langen Geschichte unserer Riegen-Ausflüge mischte sich ein ungebetener Gast dazu – Corona-Virus-Covid 19.&nbsp; Nach vielem Hin und Her, waren es letztlich 10 Turner, die grundsätzlich alle zur „Risikogruppe“ der über 60-jährigen zählen, aber jedoch, meiner überzeugten Ansicht nach, durch ihre sportliche Lebensführung über ein gesteigertes Immunsystem verfügen! Zudem war in den beiden geräumigen Kleinbussen durch eine Fünferbesetzung viel Platz und daher eine ausreichende Abstandhaltung&nbsp; gewährleistet. Mund-Nasenschutz tragen wurde ebenso überall dort, wo es vorgeschrieben war, eingehalten. Als Belohnung für diese ungewohnten Umstände gelangte eine von Alfons Mairhofer perfekt ausgearbeitete Reiseplanung zur Umsetzung. Zugegeben – ein bisserl Technikfreak oder Benzinbruder zu sein – hatte nicht geschadet.<a></a></p>



<p>Los ging es pünktlich am 30.September um 7:30 Uhr bei der Turnhalle. Die bereits bestens bewährten Chauffeure Walter und Moosi gaben Gas und fuhren durchs Innviertel und Kobernaußerwald zur <strong>KTM Motohall </strong>in Mattighofen. Ein, objektiv betrachtet, architektonisch beeindruckendes Gebäude stand da vor uns (egal ob öffentlich gefördert oder nicht). Drinnen empfängt einen sehr freundliches Personal, insbesondere unsere kompetente Führerin Sabine. Der Rest ist Technik in seiner höchsten Vollendung. Die Entwicklung des Unternehmens seit 1954 bis herauf in die Gegenwart wird eindrucksvoll mit vielen Exponaten präsentiert und erklärt. Durch technische Animationen und Videopräsentationen taucht man tief in diese Welt der Motorräder ein, die da im Innviertel für den Alltag, als auch für den Rennsport, gebaut werden. Siege bei der Dakar und Moto GP zeugen von dieser weltweiten Spitzenpositionierung.</p>



<p>Weiter ging es dann nach Mattsee zum Mittagessen in den Stiftskeller und nachher zu Fuß zum <strong>fahr(T)raum</strong> &#8211; einem Privatmuseum, welches das Genie Ferdinand Porsche vorstellt. Eine imposante Würdigung dieses Erfinders und Ingenieurs. Perfekt erhaltene, restaurierte und fahrttüchtige Oldtimer stehen da nebeneinander. Ergänzt durch viele Gschichterl, die unser Führer lustig einstreute, konnte uns die österreichische Automobilgeschichte uvm.&nbsp; ganz nahe gerückt werden.</p>



<figure class="wp-block-gallery has-nested-images columns-1 is-cropped wp-block-gallery-1 is-layout-flex wp-block-gallery-is-layout-flex">
<figure class="wp-block-image size-large"><a href="https://demj.bplaced.net/tv/wp-content/uploads/2024/10/Motohall.png"><img loading="lazy" decoding="async" width="438" height="327" data-id="115" src="https://demj.bplaced.net/tv/wp-content/uploads/2024/10/Motohall.png" alt="" class="wp-image-115" srcset="https://demj.bplaced.net/tv/wp-content/uploads/2024/10/Motohall.png 438w, https://demj.bplaced.net/tv/wp-content/uploads/2024/10/Motohall-300x224.png 300w" sizes="auto, (max-width: 438px) 100vw, 438px" /></a></figure>



<figure class="wp-block-image size-large"><a href="https://demj.bplaced.net/tv/wp-content/uploads/2024/10/Porschemuseum.png"><img loading="lazy" decoding="async" width="436" height="324" data-id="116" src="https://demj.bplaced.net/tv/wp-content/uploads/2024/10/Porschemuseum.png" alt="" class="wp-image-116" srcset="https://demj.bplaced.net/tv/wp-content/uploads/2024/10/Porschemuseum.png 436w, https://demj.bplaced.net/tv/wp-content/uploads/2024/10/Porschemuseum-300x223.png 300w" sizes="auto, (max-width: 436px) 100vw, 436px" /></a></figure>
</figure>



<p>Letzter geführter Programmpunkt unseres ersten Ausflugstages war die <strong>Trumer Welt</strong>-Privatbrauerei Josef Sigl in Obertrum. Unglaublich mit welchem Charme und Kompetenz uns Johanna&nbsp; in die Welt des Trumer-Bieres verführte. Sie erzählte uns von der Wichtigkeit der Qualität bei den Rohstoffen, der Mikrobiologie während der Vergärung und der großen Bedeutung der Betriebshygiene. Neben dem historischen Sudhaus mit den bekannten Kupferkessel steht bereits eine vollautomatische Brauerei aus Edelstahl. Der ganze Stolz ist aber dann gegenüber jenes moderne Gebäude, wo einerseits die eigene Reinzuchthefe weiter vermehrt wird und, ein Stockwerk höher, die offene Gärung &nbsp;temperaturgeführt stattfindet. Natürlich getrennt durch eine Glasscheibe. Zu guter Letzt dann endlich die Verkostung des Trumer Pils, dazu eine sensationell schmeckende frische Brezn. Der Abschied fiel uns schwer&nbsp; &#8211; Prost!</p>



<p>Nun ging es nur mehr darum, das Hotel-Gasthof „ Mostwastl“ &#8211; unser Quartier in Grödig &#8211; zu erreichen. Check in – Abendessen – über den Abendverlauf darf geschwiegen werden, doch soviel darf verraten werden – s`Bier hat gschmeckt !</p>



<p><strong>2.Tag</strong> – Bei herrlichem Sonnenschein geht es zeitig nach dem Frühstück ab nach Berchtesgaden zum Königssee. Dort herrschte anfangs noch Bodennebel, der sich aber im Laufe der einstündigen Schiffahrt über den See lichtete. Der Schiffbegleiter erzählte uns inzwischen viele Details über den See und setzte sogar sein Flügelhorn an, um uns das berühmte Echo vom Königssee hören zu lassen. Angekommen am Südufer in Salet, begann unsere Tageswanderung zum Obersee und weiter zur Fischunkelalm. Die Landschaft, hier im Nationalpark Berchtesgaden, präsentierte sich in einer überwältigenden Schönheit und Unberührtheit. Der Großteil der Gruppe wanderte noch weiter zum Röthbachfall &#8211; dem mit 475 m höchsten Wasserfall Deutschlands. Ob man dann zurück zum Watzmann-Massiv blickte oder die Farbspiele des Sees bewunderte – einfach nur noch schön. Insgesamt wanderten wir ca. 9 km und fuhren dann wieder mit dem Schiff zurück zu einem Zwischenstopp auf der Halbinsel Hirschau mit der Wallfahrtskirche Sankt Bartholomä. Im schönen Gastgarten nahmen wir dann das Mittagessen mit hervorragendem Bayrischen Bier zu uns. Wieder zurück in unserem Hotel angekommen, hoben wir abschließend noch im herrlichen Gastgarten, mit den letzten Strahlen der Abendsonne, unsere Gläser!</p>



<figure class="wp-block-gallery has-nested-images columns-1 is-cropped wp-block-gallery-2 is-layout-flex wp-block-gallery-is-layout-flex">
<figure class="wp-block-image size-large"><a href="https://demj.bplaced.net/tv/wp-content/uploads/2024/10/Koenigssee.png"><img loading="lazy" decoding="async" width="463" height="347" data-id="118" src="https://demj.bplaced.net/tv/wp-content/uploads/2024/10/Koenigssee.png" alt="" class="wp-image-118" srcset="https://demj.bplaced.net/tv/wp-content/uploads/2024/10/Koenigssee.png 463w, https://demj.bplaced.net/tv/wp-content/uploads/2024/10/Koenigssee-300x225.png 300w" sizes="auto, (max-width: 463px) 100vw, 463px" /></a></figure>



<figure class="wp-block-image size-large"><a href="https://demj.bplaced.net/tv/wp-content/uploads/2024/10/Gasthaus.png"><img loading="lazy" decoding="async" width="464" height="347" data-id="119" src="https://demj.bplaced.net/tv/wp-content/uploads/2024/10/Gasthaus.png" alt="" class="wp-image-119" srcset="https://demj.bplaced.net/tv/wp-content/uploads/2024/10/Gasthaus.png 464w, https://demj.bplaced.net/tv/wp-content/uploads/2024/10/Gasthaus-300x224.png 300w" sizes="auto, (max-width: 464px) 100vw, 464px" /></a></figure>
</figure>



<p><strong>3.Tag</strong>&nbsp;&nbsp; Frühstück – Checkout – Fahrt nach Salzburg – Treffpunkt am Mirabellplatz mit Sabine Rath zu einer Stadtführung. Sie unternahm mit uns eine sehr lustige Tour durch die Salzburger Altstadt, gespickt mit sehr viel Detailwissen, aber auch mit durchaus kritischen Anmerkungen zu den Festspielen und diversen Namensänderungen in der Stadt. Die Tour endete letztlich am Alten Markt, Pepi Eisenköck übernahm und führte uns zum Niedersitzen ins Stern Bräu – Prost. &nbsp;Wieder raus aus der Stadt – hinaus nach Grödig zu&nbsp; „Fischspezialitäten Walter Grüll“, wo schon für ein hervorragendes Mittagessen aufgedeckt war. Walter Humer ließ es sich nicht nehmen, eine Magnum Grüner Veltliner zum delikaten Fischmenü zu spendieren. Anschließend hatten wir dann nur noch den letzten Programmpunkt des Ausfluges vor uns – den Besuch im Hangar 7. Ein beeindruckendes Gebäude aus Stahl und Glas hat uns empfangen und der Kreis zum ersten Tag hat sich auch geschlossen &#8211; erneut eine tolle Architektur und Technik in höchster Vollendung! &nbsp;&nbsp;Formel 1-Autos und Flugzeuge aller Art &#8211;&nbsp; dicht nebeneinander elegant aufgestellt und zum Greifen nahe.</p>



<p>Ein wunderbarer Riegenausflug ging letztlich nach einer nicht allzu langen Rückfahrt nach Grieskirchen zu Ende. Ganz großen Dank an unsere Fahrer Moosi und Walter und unserem Organisator Alfons !!!&nbsp;&nbsp;&nbsp;&nbsp;&nbsp;&nbsp;&nbsp;&nbsp;&nbsp;&nbsp;&nbsp;&nbsp;&nbsp;&nbsp;&nbsp; &nbsp;&nbsp;&nbsp;&nbsp;&nbsp;&nbsp;&nbsp;&nbsp;&nbsp;&nbsp;&nbsp;&nbsp;&nbsp;&nbsp;&nbsp; &nbsp;&nbsp;&nbsp;&nbsp;&nbsp;&nbsp;</p>



<p>Herbert Aigner</p>

<p>Erstmals in der langen Geschichte unserer Riegen-Ausflüge mischte sich ein ungebetener Gast dazu – Corona-Virus-Covid 19.&nbsp; Nach vielem Hin und Her, waren es letztlich 10 Turner, die grundsätzlich alle zur „Risikogruppe“ der über 60-jährigen zählen, aber jedoch, meiner überzeugten Ansicht nach, durch ihre sportliche Lebensführung über ein gesteigertes Immunsystem verfügen! Zudem war in den beiden [&hellip;]</p>
