{"id":123,"date":"2024-10-05T14:32:04","date_gmt":"2024-10-05T12:32:04","guid":{"rendered":"https:\/\/demj.bplaced.net\/tv\/?page_id=123"},"modified":"2024-10-05T14:43:54","modified_gmt":"2024-10-05T12:43:54","slug":"riegenausflug-2019","status":"publish","type":"page","link":"https:\/\/demj.bplaced.net\/tv\/riegenausflug-2019\/","title":{"rendered":"Riegenausflug 2019"},"content":{"rendered":"\n<p><strong>NACH SISTIANA, TRIEST\/UNA GITA DI GODIMENTO<\/strong><\/p>\n\n\n\n<p>Am Samstag zeigte sich das Wetter entgegen manch unerfreulicher Vorhersage von seiner freundlichen Seite. Gegen 9:00 Uhr starteten wir unsere Wanderung zum Schloss Miramare. Entlang des Sentiero dei pescatori (Fischerweg) gingen wir oberhalb der K\u00fcste nach Prosecco.\u00a0<\/p>\n\n\n\n<p>Mit&nbsp; Sonnenschein, glitzerndem Meer und guter Laune&nbsp; erreichten wir dann bald unser erstes Etappenziel \u2013 Prosecco und die Trattoria Sociale\/Drustvena. Die &#8222;Genusswanderer&#8220; (Satti, Gusi, Dieter Frisch) hatten den letzten Abschnitt der Wanderung am Vormittag motorisiert beendet und waren bei Eintreffen der &#8222;Weitwanderer&#8220; bereits im Lokal.<\/p>\n\n\n\n<p>Gest\u00e4rkt brachen die &#8222;Weitwanderer&#8220;&nbsp; nach dem Mittagessen auf und marschierten zum Schloss Miramare. Der letzte Wegabschnitt f\u00fchrte durch einen wundersch\u00f6nen Naturpark, an dessen Ende sich das sch\u00f6ne Schloss pr\u00e4-sentierte. Der Innenbereich ist gepr\u00e4gt von prunkvollen und aufwendig gestalteten R\u00e4umen und S\u00e4len.<\/p>\n\n\n\n<figure class=\"wp-block-gallery has-nested-images columns-default is-cropped wp-block-gallery-1 is-layout-flex wp-block-gallery-is-layout-flex\">\n<figure class=\"wp-block-image size-full\"><a href=\"https:\/\/demj.bplaced.net\/tv\/wp-content\/uploads\/2024\/10\/2019-Bild-1.png\"><img loading=\"lazy\" decoding=\"async\" width=\"1006\" height=\"535\" data-id=\"124\" src=\"https:\/\/demj.bplaced.net\/tv\/wp-content\/uploads\/2024\/10\/2019-Bild-1.png\" alt=\"\" class=\"wp-image-124\" srcset=\"https:\/\/demj.bplaced.net\/tv\/wp-content\/uploads\/2024\/10\/2019-Bild-1.png 1006w, https:\/\/demj.bplaced.net\/tv\/wp-content\/uploads\/2024\/10\/2019-Bild-1-300x160.png 300w, https:\/\/demj.bplaced.net\/tv\/wp-content\/uploads\/2024\/10\/2019-Bild-1-768x408.png 768w\" sizes=\"auto, (max-width: 1006px) 100vw, 1006px\" \/><\/a><\/figure>\n<\/figure>\n\n\n\n<p>Das Abendessen nahmen wir in einem slo-wenischen Heurigenlokal (Osmize) ein.\u00a0 Nach einiger Zeit verlie\u00dfen wir in guter Stimmung die Gastst\u00e4tte und fuhren nach Sistiana zum Hotel, wo ein Teil der Gruppe\u00a0 bei guter Laune und sangesfreudig den Tag noch etwas verl\u00e4ngerte. Unbest\u00e4tigten Ger\u00fcchten zufolge ist die Heimkehr dieses Gruppenteils im Hotel alla Dolina h\u00f6rbar gewesen.<\/p>\n\n\n\n<p>Der letzte Tag unseres Ausflugs\u00a0 f\u00fchrte uns nach Triest.\u00a0 Auch am Vormittag meinte es der Wettergott gut mit uns und platzierte die Regenwolken au\u00dferhalb von Triest. Gegen 10:00 Uhr hatten wir eine interessante Stadtf\u00fchrung durch Triest, gestaltet von einer eloquenten Italienerin.\u00a0 Dieser Rundgang begann am Bahnhof und\u00a0 ging weiter \u00fcber das Teatro Romano zur Kathedrale von Triest. Von dort setzte sich der Weg\u00a0 durch das j\u00fcdische Viertel der Stadt Richtung Zentrum zum Canale Grande und zum Piazza dell`Unita d\u00b4Italia fort, wo der kurzweilig gef\u00fchrte Stadtrundgang endete.<\/p>\n\n\n\n<p>Schlie\u00dflich begann unsere R\u00fcckfahrt Richtung \u00d6sterreich. Einige Kilometer au\u00dferhalb von Triest erwarteten uns dann die Regenwolken, die nun ihre Schleusen \u00f6ffneten.\u00a0Starkregen war ab nun unser Begleiter. In Pontebba machten wir noch einen Halt zum Mittagessen im Ristorante Rio Argento. In diesem auf Fischspezialit\u00e4ten fokussiertem Lokal lie\u00dfen wir gemeinsam unseren sch\u00f6nen und abwechslungsreichen Ausflug ausklingen.<\/p>\n\n\n\n<p>Gegen 20:15 Uhr erreichten wir dann wieder Grieskirchen.<\/p>\n\n\n\n<p>Herzlichen Dank unserem Organisator und Leiter der Freitagsriege \u2013 Alfons Mairhofer \u2013 f\u00fcr die ausgezeichnete Organisation und das tolle sowie abwechslungsreiche Programm dieses Ausflugs.<\/p>\n\n\n\n<p>Viele Dank auch unsere beiden &#8222;Piloten&#8220; (Moosi und Walter Heher), die uns mit den beiden Kleinbussen sicher und wohlbehalten wieder nach Hause brachten.<\/p>\n\n\n\n<p><\/p>\n","protected":false},"excerpt":{"rendered":"<p>NACH SISTIANA, TRIEST\/UNA GITA DI GODIMENTO Am Samstag zeigte sich das Wetter entgegen manch unerfreulicher Vorhersage von seiner freundlichen Seite. Gegen 9:00 Uhr starteten wir unsere Wanderung zum Schloss Miramare. Entlang des Sentiero dei pescatori (Fischerweg) gingen wir oberhalb der K\u00fcste nach Prosecco.\u00a0 Mit&nbsp; Sonnenschein, glitzerndem Meer und guter Laune&nbsp; erreichten wir dann bald unser [&hellip;]<\/p>\n","protected":false},"author":1,"featured_media":0,"parent":0,"menu_order":0,"comment_status":"closed","ping_status":"closed","template":"","meta":{"footnotes":""},"class_list":["post-123","page","type-page","status-publish","hentry"],"_links":{"self":[{"href":"https:\/\/demj.bplaced.net\/tv\/wp-json\/wp\/v2\/pages\/123","targetHints":{"allow":["GET"]}}],"collection":[{"href":"https:\/\/demj.bplaced.net\/tv\/wp-json\/wp\/v2\/pages"}],"about":[{"href":"https:\/\/demj.bplaced.net\/tv\/wp-json\/wp\/v2\/types\/page"}],"author":[{"embeddable":true,"href":"https:\/\/demj.bplaced.net\/tv\/wp-json\/wp\/v2\/users\/1"}],"replies":[{"embeddable":true,"href":"https:\/\/demj.bplaced.net\/tv\/wp-json\/wp\/v2\/comments?post=123"}],"version-history":[{"count":4,"href":"https:\/\/demj.bplaced.net\/tv\/wp-json\/wp\/v2\/pages\/123\/revisions"}],"predecessor-version":[{"id":126,"href":"https:\/\/demj.bplaced.net\/tv\/wp-json\/wp\/v2\/pages\/123\/revisions\/126"}],"wp:attachment":[{"href":"https:\/\/demj.bplaced.net\/tv\/wp-json\/wp\/v2\/media?parent=123"}],"curies":[{"name":"wp","href":"https:\/\/api.w.org\/{rel}","templated":true}]}}

<p><strong>NACH SISTIANA, TRIEST/UNA GITA DI GODIMENTO</strong></p>



<p>Am Samstag zeigte sich das Wetter entgegen manch unerfreulicher Vorhersage von seiner freundlichen Seite. Gegen 9:00 Uhr starteten wir unsere Wanderung zum Schloss Miramare. Entlang des Sentiero dei pescatori (Fischerweg) gingen wir oberhalb der Küste nach Prosecco. </p>



<p>Mit&nbsp; Sonnenschein, glitzerndem Meer und guter Laune&nbsp; erreichten wir dann bald unser erstes Etappenziel – Prosecco und die Trattoria Sociale/Drustvena. Die &#8222;Genusswanderer&#8220; (Satti, Gusi, Dieter Frisch) hatten den letzten Abschnitt der Wanderung am Vormittag motorisiert beendet und waren bei Eintreffen der &#8222;Weitwanderer&#8220; bereits im Lokal.</p>



<p>Gestärkt brachen die &#8222;Weitwanderer&#8220;&nbsp; nach dem Mittagessen auf und marschierten zum Schloss Miramare. Der letzte Wegabschnitt führte durch einen wunderschönen Naturpark, an dessen Ende sich das schöne Schloss prä-sentierte. Der Innenbereich ist geprägt von prunkvollen und aufwendig gestalteten Räumen und Sälen.</p>



<figure class="wp-block-gallery has-nested-images columns-default is-cropped wp-block-gallery-1 is-layout-flex wp-block-gallery-is-layout-flex">
<figure class="wp-block-image size-full"><a href="https://demj.bplaced.net/tv/wp-content/uploads/2024/10/2019-Bild-1.png"><img loading="lazy" decoding="async" width="1006" height="535" data-id="124" src="https://demj.bplaced.net/tv/wp-content/uploads/2024/10/2019-Bild-1.png" alt="" class="wp-image-124" srcset="https://demj.bplaced.net/tv/wp-content/uploads/2024/10/2019-Bild-1.png 1006w, https://demj.bplaced.net/tv/wp-content/uploads/2024/10/2019-Bild-1-300x160.png 300w, https://demj.bplaced.net/tv/wp-content/uploads/2024/10/2019-Bild-1-768x408.png 768w" sizes="auto, (max-width: 1006px) 100vw, 1006px" /></a></figure>
</figure>



<p>Das Abendessen nahmen wir in einem slo-wenischen Heurigenlokal (Osmize) ein.  Nach einiger Zeit verließen wir in guter Stimmung die Gaststätte und fuhren nach Sistiana zum Hotel, wo ein Teil der Gruppe  bei guter Laune und sangesfreudig den Tag noch etwas verlängerte. Unbestätigten Gerüchten zufolge ist die Heimkehr dieses Gruppenteils im Hotel alla Dolina hörbar gewesen.</p>



<p>Der letzte Tag unseres Ausflugs  führte uns nach Triest.  Auch am Vormittag meinte es der Wettergott gut mit uns und platzierte die Regenwolken außerhalb von Triest. Gegen 10:00 Uhr hatten wir eine interessante Stadtführung durch Triest, gestaltet von einer eloquenten Italienerin.  Dieser Rundgang begann am Bahnhof und  ging weiter über das Teatro Romano zur Kathedrale von Triest. Von dort setzte sich der Weg  durch das jüdische Viertel der Stadt Richtung Zentrum zum Canale Grande und zum Piazza dell`Unita d´Italia fort, wo der kurzweilig geführte Stadtrundgang endete.</p>



<p>Schließlich begann unsere Rückfahrt Richtung Österreich. Einige Kilometer außerhalb von Triest erwarteten uns dann die Regenwolken, die nun ihre Schleusen öffneten. Starkregen war ab nun unser Begleiter. In Pontebba machten wir noch einen Halt zum Mittagessen im Ristorante Rio Argento. In diesem auf Fischspezialitäten fokussiertem Lokal ließen wir gemeinsam unseren schönen und abwechslungsreichen Ausflug ausklingen.</p>



<p>Gegen 20:15 Uhr erreichten wir dann wieder Grieskirchen.</p>



<p>Herzlichen Dank unserem Organisator und Leiter der Freitagsriege – Alfons Mairhofer – für die ausgezeichnete Organisation und das tolle sowie abwechslungsreiche Programm dieses Ausflugs.</p>



<p>Viele Dank auch unsere beiden &#8222;Piloten&#8220; (Moosi und Walter Heher), die uns mit den beiden Kleinbussen sicher und wohlbehalten wieder nach Hause brachten.</p>



<p></p>

<p>NACH SISTIANA, TRIEST/UNA GITA DI GODIMENTO Am Samstag zeigte sich das Wetter entgegen manch unerfreulicher Vorhersage von seiner freundlichen Seite. Gegen 9:00 Uhr starteten wir unsere Wanderung zum Schloss Miramare. Entlang des Sentiero dei pescatori (Fischerweg) gingen wir oberhalb der Küste nach Prosecco.  Mit&nbsp; Sonnenschein, glitzerndem Meer und guter Laune&nbsp; erreichten wir dann bald unser [&hellip;]</p>
