{"id":129,"date":"2024-10-05T14:53:37","date_gmt":"2024-10-05T12:53:37","guid":{"rendered":"https:\/\/demj.bplaced.net\/tv\/?page_id=129"},"modified":"2024-10-05T15:08:18","modified_gmt":"2024-10-05T13:08:18","slug":"riegenausflug-2018","status":"publish","type":"page","link":"https:\/\/demj.bplaced.net\/tv\/riegenausflug-2018\/","title":{"rendered":"Riegenausflug 2018"},"content":{"rendered":"\n<p><strong>Vom 26.09. \u2013 28.09.2018<\/strong><\/p>\n\n\n\n<p>Lunz am See, \u00d6tschergr\u00e4ben, Mariazell<\/p>\n\n\n\n<p>Am Mittwoch, 26.09.2018, trafen sich 14 Turnbr\u00fcder der Freitagsriege um 8:00 Uhr morgens. Rechtzeitig zu unserem Reisebeginn hatten sich alle Regenwolken verzogen und w\u00e4hrend der gesamten Zeit des Ausfluges begleitete uns ein stabiles &#8222;Hoch&#8220; mit wolkenlosem Himmel und strahlendem Sonnenschein.<\/p>\n\n\n\n<p>&nbsp;Mit 2 Kleinbussen brachen wir dann auf zu unserem ersten Programmpunkt, dem Besuch der Ausstellung &#8222;Byzanz und der Westen&#8220; auf der Schallaburg. Nachdem wir uns mit einer Vormittagsjause gest\u00e4rkt hatten, empfing uns eine junge attraktive angehende Kunsthistorikerin, die uns f\u00fcr rund 90 Minuten fachlich durch die Ausstellung begleitete. Auf sehr anschauliche Art und Weise erkl\u00e4rte sie uns die Eigenheiten, Einstellungen und Ansichten der Menschen im ostr\u00f6mischen und westr\u00f6mischen Reich, dessen Aufstieg, Bl\u00fctezeit und dessen Zusammenbruch.<\/p>\n\n\n\n<p>Nach dem Mittagessen im Gasthof J\u00e4ger ging es weiter zu unserem Quartier, dem Landhotel Zellerhof in Lunz am See,&nbsp; wo wir sogleich unsere Zimmer bezogen. Anschlie\u00dfend blieb noch gen\u00fcgend Zeit den Lunzer See zu umwandern. Nach einem ausgezeichneten Abendessen packte unser Turnbruder &#8222;Demi&#8220; seine Gitarre aus und bei gutem Wein und fr\u00f6hlichen Liedern wurde es rasch Mitternacht.<\/p>\n\n\n\n<figure class=\"wp-block-gallery has-nested-images columns-default is-cropped wp-block-gallery-1 is-layout-flex wp-block-gallery-is-layout-flex\">\n<figure class=\"wp-block-image size-full\"><a href=\"https:\/\/demj.bplaced.net\/tv\/wp-content\/uploads\/2024\/10\/2018-Bild-1.png\"><img loading=\"lazy\" decoding=\"async\" width=\"474\" height=\"356\" data-id=\"130\" src=\"https:\/\/demj.bplaced.net\/tv\/wp-content\/uploads\/2024\/10\/2018-Bild-1.png\" alt=\"\" class=\"wp-image-130\" srcset=\"https:\/\/demj.bplaced.net\/tv\/wp-content\/uploads\/2024\/10\/2018-Bild-1.png 474w, https:\/\/demj.bplaced.net\/tv\/wp-content\/uploads\/2024\/10\/2018-Bild-1-300x225.png 300w\" sizes=\"auto, (max-width: 474px) 100vw, 474px\" \/><\/a><\/figure>\n<\/figure>\n\n\n\n<p>Ausgeschlafen und guter Dinge fuhren wir am n\u00e4chsten Morgen mit unseren Kleinbussen zum Ausgangspunkt&nbsp; unserer Wanderung durch die \u00d6tschergr\u00e4ben. Die Gruppe wurde unterteilt in Wanderer und&nbsp; Genusswanderer. Am Ende des Tages stellte sich allerdings heraus, dass unsere 3 Genusswanderer (Walter Heher, Gusi und Satti) ann\u00e4hernd die gleiche&nbsp; Distanz zur\u00fcckgelegt hatten wie die anderen Wanderer. Die rund 11 km lange Wanderung f\u00fchrte uns durch eine beeindruckende Landschaft entlang des rauschenden \u00d6tscherbaches.&nbsp; Am fr\u00fchen Nachmittag trafen wir uns alle wieder in der N\u00e4he des Ausgangspunktes unseres &#8222;Wandertages&#8220;, von wo wir nach dem Mittagessen unseren Ausflug fortsetzten und in das einige Kilometer entfernte Mariazell fuhren.<\/p>\n\n\n\n<figure class=\"wp-block-gallery has-nested-images columns-1 is-cropped wp-block-gallery-2 is-layout-flex wp-block-gallery-is-layout-flex\">\n<figure class=\"wp-block-image size-full\"><a href=\"https:\/\/demj.bplaced.net\/tv\/wp-content\/uploads\/2024\/10\/2018-Bild-2.png\"><img loading=\"lazy\" decoding=\"async\" width=\"474\" height=\"691\" data-id=\"132\" src=\"https:\/\/demj.bplaced.net\/tv\/wp-content\/uploads\/2024\/10\/2018-Bild-2.png\" alt=\"\" class=\"wp-image-132\" srcset=\"https:\/\/demj.bplaced.net\/tv\/wp-content\/uploads\/2024\/10\/2018-Bild-2.png 474w, https:\/\/demj.bplaced.net\/tv\/wp-content\/uploads\/2024\/10\/2018-Bild-2-206x300.png 206w\" sizes=\"auto, (max-width: 474px) 100vw, 474px\" \/><\/a><\/figure>\n\n\n\n<figure class=\"wp-block-image size-full\"><a href=\"https:\/\/demj.bplaced.net\/tv\/wp-content\/uploads\/2024\/10\/2018-Bild-3.png\"><img loading=\"lazy\" decoding=\"async\" width=\"383\" height=\"510\" data-id=\"134\" src=\"https:\/\/demj.bplaced.net\/tv\/wp-content\/uploads\/2024\/10\/2018-Bild-3.png\" alt=\"\" class=\"wp-image-134\" srcset=\"https:\/\/demj.bplaced.net\/tv\/wp-content\/uploads\/2024\/10\/2018-Bild-3.png 383w, https:\/\/demj.bplaced.net\/tv\/wp-content\/uploads\/2024\/10\/2018-Bild-3-225x300.png 225w\" sizes=\"auto, (max-width: 383px) 100vw, 383px\" \/><\/a><\/figure>\n\n\n\n<figure class=\"wp-block-image size-full\"><a href=\"https:\/\/demj.bplaced.net\/tv\/wp-content\/uploads\/2024\/10\/2018-Bild-4.png\"><img loading=\"lazy\" decoding=\"async\" width=\"383\" height=\"510\" data-id=\"135\" src=\"https:\/\/demj.bplaced.net\/tv\/wp-content\/uploads\/2024\/10\/2018-Bild-4.png\" alt=\"\" class=\"wp-image-135\" srcset=\"https:\/\/demj.bplaced.net\/tv\/wp-content\/uploads\/2024\/10\/2018-Bild-4.png 383w, https:\/\/demj.bplaced.net\/tv\/wp-content\/uploads\/2024\/10\/2018-Bild-4-225x300.png 225w\" sizes=\"auto, (max-width: 383px) 100vw, 383px\" \/><\/a><\/figure>\n\n\n\n<figure class=\"wp-block-image size-full\"><a href=\"https:\/\/demj.bplaced.net\/tv\/wp-content\/uploads\/2024\/10\/2018-Bild-5.png\"><img loading=\"lazy\" decoding=\"async\" width=\"383\" height=\"510\" data-id=\"136\" src=\"https:\/\/demj.bplaced.net\/tv\/wp-content\/uploads\/2024\/10\/2018-Bild-5.png\" alt=\"\" class=\"wp-image-136\" srcset=\"https:\/\/demj.bplaced.net\/tv\/wp-content\/uploads\/2024\/10\/2018-Bild-5.png 383w, https:\/\/demj.bplaced.net\/tv\/wp-content\/uploads\/2024\/10\/2018-Bild-5-225x300.png 225w\" sizes=\"auto, (max-width: 383px) 100vw, 383px\" \/><\/a><\/figure>\n<\/figure>\n\n\n\n<p>Vor den Toren der Basilika Maria Geburt&nbsp; beeindruckte uns unser Turnbruder Hans Maurer bei strahlendem Sonnenschein mit einem tollen Vortrag \u00fcber die Geschichte des Wallfahrtsortes Mariazell. Er gab uns sehr interessante Einblicke in das Thema &#8222;Wall-fahrt&#8220;. Dies konnte er vor allem deshalb sehr identisch und realistisch darstellen, da er vor einiger Zeit selbst eine Fu\u00dfwallfahrt von Maria Neustift nach Mariazell gemacht hatte.&nbsp; Am fr\u00fchen Abend fuhren wir wieder zur\u00fcck zum Abendessen in unser Quartier nach Lunz am See.<\/p>\n\n\n\n<p>Am Freitag, 28.09.18, verlie\u00dfen wir unser Landhotel Zellerhof nach dem Fr\u00fchst\u00fcck. In Lunz am See hatten wir eine F\u00fchrung im \u00f6rtlichen Hammerherrenmuseum, dem &#8222;Amon-haus.&#8220;&nbsp; Den Namen verdankt dieses Geb\u00e4ude dem Hammerherrn Johann Franz von Amon, der von 1784 bis 1825 der Besitzer war. Wir erfuhren viel \u00fcber die bewegte Geschichte diese Hauses, das harte Leben von Hammer-schmieden im Speziellen und der Menschen im Allgemeinen im 17. und 18. Jahrhundert. Danach ging es weiter nach Lassing, wo wir rund 3,5 km &#8222;Auf dem Holz-weg&#8220; durch das Mendlingtal wanderten. Dort konnten wir sehen, wie in fr\u00fcheren Zeiten \u00fcber Triftanlagen und Klausen Baumst\u00e4mme durch den Mendlingbach transportiert wurden.<\/p>\n\n\n\n<p>Zum Abschluss unseres tollen 3-t\u00e4gigen Ausfluges kehrten wir in Oberlaussa noch beim Sagwirt ein. Dort erwarteten uns ein sonniger Gastgarten, eine hervorragende K\u00fcche und eine freundliche Bedienung. Bestrahlt durch die herbstliche Abendsonne sowie beeindruckt vom Zauber aus K\u00fcche und Keller (Weinkeller) fiel es so manchem Turnbruder schwer die Heimreise&nbsp; nach Grieskirchen fortzusetzen. Kurz vor 19:00 Uhr kamen wir alle zufrieden und voller neuer Eindr\u00fccke wieder in Gries-kirchen an. In diesen 3 Tagen haben wir&nbsp; K\u00f6rper, Geist und Seele gest\u00e4rkt.<\/p>\n\n\n\n<p>Herzlichen Dank unserem Organisator und Leiter der Freitagsriege \u2013 Alfons Mairhofer \u2013 f\u00fcr die ausgezeichnete Organisation und das tolle und abwechslungsreiche Programm dieser Reise. Danke unseren beiden &#8222;Piloten&#8220; (Moosi und Walter Heher), die uns mit den beiden Kleinbussen sicher und wohlbehalten wieder nach Hause brachten.<\/p>\n\n\n\n<p>Ivo Volgger<\/p>\n","protected":false},"excerpt":{"rendered":"<p>Vom 26.09. \u2013 28.09.2018 Lunz am See, \u00d6tschergr\u00e4ben, Mariazell Am Mittwoch, 26.09.2018, trafen sich 14 Turnbr\u00fcder der Freitagsriege um 8:00 Uhr morgens. Rechtzeitig zu unserem Reisebeginn hatten sich alle Regenwolken verzogen und w\u00e4hrend der gesamten Zeit des Ausfluges begleitete uns ein stabiles &#8222;Hoch&#8220; mit wolkenlosem Himmel und strahlendem Sonnenschein. &nbsp;Mit 2 Kleinbussen brachen wir dann [&hellip;]<\/p>\n","protected":false},"author":1,"featured_media":0,"parent":0,"menu_order":0,"comment_status":"closed","ping_status":"closed","template":"","meta":{"footnotes":""},"class_list":["post-129","page","type-page","status-publish","hentry"],"_links":{"self":[{"href":"https:\/\/demj.bplaced.net\/tv\/wp-json\/wp\/v2\/pages\/129","targetHints":{"allow":["GET"]}}],"collection":[{"href":"https:\/\/demj.bplaced.net\/tv\/wp-json\/wp\/v2\/pages"}],"about":[{"href":"https:\/\/demj.bplaced.net\/tv\/wp-json\/wp\/v2\/types\/page"}],"author":[{"embeddable":true,"href":"https:\/\/demj.bplaced.net\/tv\/wp-json\/wp\/v2\/users\/1"}],"replies":[{"embeddable":true,"href":"https:\/\/demj.bplaced.net\/tv\/wp-json\/wp\/v2\/comments?post=129"}],"version-history":[{"count":6,"href":"https:\/\/demj.bplaced.net\/tv\/wp-json\/wp\/v2\/pages\/129\/revisions"}],"predecessor-version":[{"id":143,"href":"https:\/\/demj.bplaced.net\/tv\/wp-json\/wp\/v2\/pages\/129\/revisions\/143"}],"wp:attachment":[{"href":"https:\/\/demj.bplaced.net\/tv\/wp-json\/wp\/v2\/media?parent=129"}],"curies":[{"name":"wp","href":"https:\/\/api.w.org\/{rel}","templated":true}]}}

<p><strong>Vom 26.09. – 28.09.2018</strong></p>



<p>Lunz am See, Ötschergräben, Mariazell</p>



<p>Am Mittwoch, 26.09.2018, trafen sich 14 Turnbrüder der Freitagsriege um 8:00 Uhr morgens. Rechtzeitig zu unserem Reisebeginn hatten sich alle Regenwolken verzogen und während der gesamten Zeit des Ausfluges begleitete uns ein stabiles &#8222;Hoch&#8220; mit wolkenlosem Himmel und strahlendem Sonnenschein.</p>



<p>&nbsp;Mit 2 Kleinbussen brachen wir dann auf zu unserem ersten Programmpunkt, dem Besuch der Ausstellung &#8222;Byzanz und der Westen&#8220; auf der Schallaburg. Nachdem wir uns mit einer Vormittagsjause gestärkt hatten, empfing uns eine junge attraktive angehende Kunsthistorikerin, die uns für rund 90 Minuten fachlich durch die Ausstellung begleitete. Auf sehr anschauliche Art und Weise erklärte sie uns die Eigenheiten, Einstellungen und Ansichten der Menschen im oströmischen und weströmischen Reich, dessen Aufstieg, Blütezeit und dessen Zusammenbruch.</p>



<p>Nach dem Mittagessen im Gasthof Jäger ging es weiter zu unserem Quartier, dem Landhotel Zellerhof in Lunz am See,&nbsp; wo wir sogleich unsere Zimmer bezogen. Anschließend blieb noch genügend Zeit den Lunzer See zu umwandern. Nach einem ausgezeichneten Abendessen packte unser Turnbruder &#8222;Demi&#8220; seine Gitarre aus und bei gutem Wein und fröhlichen Liedern wurde es rasch Mitternacht.</p>



<figure class="wp-block-gallery has-nested-images columns-default is-cropped wp-block-gallery-1 is-layout-flex wp-block-gallery-is-layout-flex">
<figure class="wp-block-image size-full"><a href="https://demj.bplaced.net/tv/wp-content/uploads/2024/10/2018-Bild-1.png"><img loading="lazy" decoding="async" width="474" height="356" data-id="130" src="https://demj.bplaced.net/tv/wp-content/uploads/2024/10/2018-Bild-1.png" alt="" class="wp-image-130" srcset="https://demj.bplaced.net/tv/wp-content/uploads/2024/10/2018-Bild-1.png 474w, https://demj.bplaced.net/tv/wp-content/uploads/2024/10/2018-Bild-1-300x225.png 300w" sizes="auto, (max-width: 474px) 100vw, 474px" /></a></figure>
</figure>



<p>Ausgeschlafen und guter Dinge fuhren wir am nächsten Morgen mit unseren Kleinbussen zum Ausgangspunkt&nbsp; unserer Wanderung durch die Ötschergräben. Die Gruppe wurde unterteilt in Wanderer und&nbsp; Genusswanderer. Am Ende des Tages stellte sich allerdings heraus, dass unsere 3 Genusswanderer (Walter Heher, Gusi und Satti) annähernd die gleiche&nbsp; Distanz zurückgelegt hatten wie die anderen Wanderer. Die rund 11 km lange Wanderung führte uns durch eine beeindruckende Landschaft entlang des rauschenden Ötscherbaches.&nbsp; Am frühen Nachmittag trafen wir uns alle wieder in der Nähe des Ausgangspunktes unseres &#8222;Wandertages&#8220;, von wo wir nach dem Mittagessen unseren Ausflug fortsetzten und in das einige Kilometer entfernte Mariazell fuhren.</p>



<figure class="wp-block-gallery has-nested-images columns-1 is-cropped wp-block-gallery-2 is-layout-flex wp-block-gallery-is-layout-flex">
<figure class="wp-block-image size-full"><a href="https://demj.bplaced.net/tv/wp-content/uploads/2024/10/2018-Bild-2.png"><img loading="lazy" decoding="async" width="474" height="691" data-id="132" src="https://demj.bplaced.net/tv/wp-content/uploads/2024/10/2018-Bild-2.png" alt="" class="wp-image-132" srcset="https://demj.bplaced.net/tv/wp-content/uploads/2024/10/2018-Bild-2.png 474w, https://demj.bplaced.net/tv/wp-content/uploads/2024/10/2018-Bild-2-206x300.png 206w" sizes="auto, (max-width: 474px) 100vw, 474px" /></a></figure>



<figure class="wp-block-image size-full"><a href="https://demj.bplaced.net/tv/wp-content/uploads/2024/10/2018-Bild-3.png"><img loading="lazy" decoding="async" width="383" height="510" data-id="134" src="https://demj.bplaced.net/tv/wp-content/uploads/2024/10/2018-Bild-3.png" alt="" class="wp-image-134" srcset="https://demj.bplaced.net/tv/wp-content/uploads/2024/10/2018-Bild-3.png 383w, https://demj.bplaced.net/tv/wp-content/uploads/2024/10/2018-Bild-3-225x300.png 225w" sizes="auto, (max-width: 383px) 100vw, 383px" /></a></figure>



<figure class="wp-block-image size-full"><a href="https://demj.bplaced.net/tv/wp-content/uploads/2024/10/2018-Bild-4.png"><img loading="lazy" decoding="async" width="383" height="510" data-id="135" src="https://demj.bplaced.net/tv/wp-content/uploads/2024/10/2018-Bild-4.png" alt="" class="wp-image-135" srcset="https://demj.bplaced.net/tv/wp-content/uploads/2024/10/2018-Bild-4.png 383w, https://demj.bplaced.net/tv/wp-content/uploads/2024/10/2018-Bild-4-225x300.png 225w" sizes="auto, (max-width: 383px) 100vw, 383px" /></a></figure>



<figure class="wp-block-image size-full"><a href="https://demj.bplaced.net/tv/wp-content/uploads/2024/10/2018-Bild-5.png"><img loading="lazy" decoding="async" width="383" height="510" data-id="136" src="https://demj.bplaced.net/tv/wp-content/uploads/2024/10/2018-Bild-5.png" alt="" class="wp-image-136" srcset="https://demj.bplaced.net/tv/wp-content/uploads/2024/10/2018-Bild-5.png 383w, https://demj.bplaced.net/tv/wp-content/uploads/2024/10/2018-Bild-5-225x300.png 225w" sizes="auto, (max-width: 383px) 100vw, 383px" /></a></figure>
</figure>



<p>Vor den Toren der Basilika Maria Geburt&nbsp; beeindruckte uns unser Turnbruder Hans Maurer bei strahlendem Sonnenschein mit einem tollen Vortrag über die Geschichte des Wallfahrtsortes Mariazell. Er gab uns sehr interessante Einblicke in das Thema &#8222;Wall-fahrt&#8220;. Dies konnte er vor allem deshalb sehr identisch und realistisch darstellen, da er vor einiger Zeit selbst eine Fußwallfahrt von Maria Neustift nach Mariazell gemacht hatte.&nbsp; Am frühen Abend fuhren wir wieder zurück zum Abendessen in unser Quartier nach Lunz am See.</p>



<p>Am Freitag, 28.09.18, verließen wir unser Landhotel Zellerhof nach dem Frühstück. In Lunz am See hatten wir eine Führung im örtlichen Hammerherrenmuseum, dem &#8222;Amon-haus.&#8220;&nbsp; Den Namen verdankt dieses Gebäude dem Hammerherrn Johann Franz von Amon, der von 1784 bis 1825 der Besitzer war. Wir erfuhren viel über die bewegte Geschichte diese Hauses, das harte Leben von Hammer-schmieden im Speziellen und der Menschen im Allgemeinen im 17. und 18. Jahrhundert. Danach ging es weiter nach Lassing, wo wir rund 3,5 km &#8222;Auf dem Holz-weg&#8220; durch das Mendlingtal wanderten. Dort konnten wir sehen, wie in früheren Zeiten über Triftanlagen und Klausen Baumstämme durch den Mendlingbach transportiert wurden.</p>



<p>Zum Abschluss unseres tollen 3-tägigen Ausfluges kehrten wir in Oberlaussa noch beim Sagwirt ein. Dort erwarteten uns ein sonniger Gastgarten, eine hervorragende Küche und eine freundliche Bedienung. Bestrahlt durch die herbstliche Abendsonne sowie beeindruckt vom Zauber aus Küche und Keller (Weinkeller) fiel es so manchem Turnbruder schwer die Heimreise&nbsp; nach Grieskirchen fortzusetzen. Kurz vor 19:00 Uhr kamen wir alle zufrieden und voller neuer Eindrücke wieder in Gries-kirchen an. In diesen 3 Tagen haben wir&nbsp; Körper, Geist und Seele gestärkt.</p>



<p>Herzlichen Dank unserem Organisator und Leiter der Freitagsriege – Alfons Mairhofer – für die ausgezeichnete Organisation und das tolle und abwechslungsreiche Programm dieser Reise. Danke unseren beiden &#8222;Piloten&#8220; (Moosi und Walter Heher), die uns mit den beiden Kleinbussen sicher und wohlbehalten wieder nach Hause brachten.</p>



<p>Ivo Volgger</p>

<p>Vom 26.09. – 28.09.2018 Lunz am See, Ötschergräben, Mariazell Am Mittwoch, 26.09.2018, trafen sich 14 Turnbrüder der Freitagsriege um 8:00 Uhr morgens. Rechtzeitig zu unserem Reisebeginn hatten sich alle Regenwolken verzogen und während der gesamten Zeit des Ausfluges begleitete uns ein stabiles &#8222;Hoch&#8220; mit wolkenlosem Himmel und strahlendem Sonnenschein. &nbsp;Mit 2 Kleinbussen brachen wir dann [&hellip;]</p>
