{"id":93,"date":"2024-10-05T11:34:58","date_gmt":"2024-10-05T09:34:58","guid":{"rendered":"https:\/\/demj.bplaced.net\/tv\/?page_id=93"},"modified":"2024-10-05T11:41:53","modified_gmt":"2024-10-05T09:41:53","slug":"riegenausflug-2021","status":"publish","type":"page","link":"https:\/\/demj.bplaced.net\/tv\/riegenausflug-2021\/","title":{"rendered":"Riegenausflug 2021"},"content":{"rendered":"\n<p>Allj\u00e4hrlich, bereits am Beginn des neuen Turnjahres, findet unser Riegenausflug statt. Insgesamt 13 M\u00e4nner \u2013 mit entsprechenden Covid-Attesten ausgestattet, fanden sich p\u00fcnktlich am 28.September um 8 Uhr zur Abfahrt bei der Turnhalle ein. Ein erneut bestens von unserem Vorturner Alfons Mairhofer vorbereitetes 3-Tages-Programm (diesmal mit Kultur im Vordergrund),&nbsp; lag vor uns. In zwei gemieteten Kleinbussen von Ford Danner \u2013 am Steuer Walter Heher und Moosi \u2013 ging es auf nach Melk, zum ber\u00fchmten Stift und UNESCO- Welterbe.&nbsp; Angekommen am Parkplatz des Stiftes, wurden uns obligat von Pepi Eisenk\u00f6ck Knacker und Bier zur Jause gereicht. Diesmal jedoch, f\u00fcr so manchen erstmalig, \u201eBraufux Hell\u201c- Bier aus Grieskirchen.<\/p>\n\n\n\n<figure class=\"wp-block-gallery has-nested-images columns-default is-cropped wp-block-gallery-1 is-layout-flex wp-block-gallery-is-layout-flex\">\n<figure class=\"wp-block-image size-full\"><a href=\"https:\/\/demj.bplaced.net\/tv\/wp-content\/uploads\/2024\/10\/IMG_3996.jpg\"><img loading=\"lazy\" decoding=\"async\" width=\"1000\" height=\"750\" data-id=\"94\" src=\"https:\/\/demj.bplaced.net\/tv\/wp-content\/uploads\/2024\/10\/IMG_3996.jpg\" alt=\"\" class=\"wp-image-94\" srcset=\"https:\/\/demj.bplaced.net\/tv\/wp-content\/uploads\/2024\/10\/IMG_3996.jpg 1000w, https:\/\/demj.bplaced.net\/tv\/wp-content\/uploads\/2024\/10\/IMG_3996-300x225.jpg 300w, https:\/\/demj.bplaced.net\/tv\/wp-content\/uploads\/2024\/10\/IMG_3996-768x576.jpg 768w\" sizes=\"auto, (max-width: 1000px) 100vw, 1000px\" \/><\/a><\/figure>\n<\/figure>\n\n\n\n<p>In einer sehr interessant gehaltenen F\u00fchrung durch das Stift mit Kaiserstiege, Marmorsaal, Stiftsbibliothek und Stiftskirche, konnten wir sehr viel \u00fcber die Geschichte und die ausgestellten sakralen Kunstgegenst\u00e4nde des Stiftes erfahren. Nach einem anschlie\u00dfendem Rundgang bei strahlend blauem Himmel im Stiftspark trafen wir uns in der Altstadt zum Mittagessen.<\/p>\n\n\n\n<p>Gut gest\u00e4rkt setzten wir die Weiterfahrt durch die wundersch\u00f6ne Wachau zu unserem Hotel in Krems fort. Nach dem Beziehen der Zimmer entschied sich der Gro\u00dfteil der Turner f\u00fcr den Besuch des nahegelegenen Karikaturmuseums. Eine Vierergruppe gab jedoch der sonnigen Terrasse des Restaurant \u201eWellenspiel\u201c den Vorzug. Sp\u00e4ter, zum vereinbarten Zeitpunkt,&nbsp; trafen sich wieder alle und es wurde durch das sch\u00f6ne Kremstal zur Burgruine Senftenberg gefahren. Im Innenhof der Ruine angekommen, \u00fcberraschte uns dann Alfons mit einer grandiosen Einlage. Er zauberte in der Abendsonne 2 Flaschen super gek\u00fchlten Wei\u00dfwein und sch\u00f6ne Weingl\u00e4ser hervor und wir stie\u00dfen auf unseren Ausflug an \u2013 und das bei wunderbaren Ausblicken und angenehmen sp\u00e4tsommerlichen Temperaturen. Diese \u201eAktion\u201c war mehr als gelungen \u2013 bravo &amp; danke !!<\/p>\n\n\n\n<figure class=\"wp-block-gallery has-nested-images columns-default is-cropped wp-block-gallery-2 is-layout-flex wp-block-gallery-is-layout-flex\">\n<figure class=\"wp-block-image size-full\"><a href=\"https:\/\/demj.bplaced.net\/tv\/wp-content\/uploads\/2024\/10\/IMG_4029.jpg\"><img loading=\"lazy\" decoding=\"async\" width=\"1000\" height=\"750\" data-id=\"97\" src=\"https:\/\/demj.bplaced.net\/tv\/wp-content\/uploads\/2024\/10\/IMG_4029.jpg\" alt=\"\" class=\"wp-image-97\" srcset=\"https:\/\/demj.bplaced.net\/tv\/wp-content\/uploads\/2024\/10\/IMG_4029.jpg 1000w, https:\/\/demj.bplaced.net\/tv\/wp-content\/uploads\/2024\/10\/IMG_4029-300x225.jpg 300w, https:\/\/demj.bplaced.net\/tv\/wp-content\/uploads\/2024\/10\/IMG_4029-768x576.jpg 768w\" sizes=\"auto, (max-width: 1000px) 100vw, 1000px\" \/><\/a><\/figure>\n<\/figure>\n\n\n\n<p>Der Umtrunk war vermutlich so appetitanregend, dass es dann direkt zum Heurigen der Familie Judmann in der &nbsp;Rehberger Kellergasse weiterging. Bei einer z\u00fcnftigen Heurigenjause und Wein wurde gem\u00fctlich zusammengesessen, ehe es wieder zur\u00fcck nach Krems ging. &nbsp;Im nahen Hofbr\u00e4u am Steinertor ging dann ein gelungener erster Ausflugstag mit gutem M\u00fcnchner Bier als Absacker zu Ende.<\/p>\n\n\n\n<p><strong>2.Tag<\/strong> \u2013 Gut, dass Wettervorsagen nicht immer stimmen, denn bei sehr gutem Wetter starteten 10 Weitwanderer hoch motiviert zur Wanderung auf dem \u201eWelterbesteig Wachau\u201c von Krems nach D\u00fcrnstein. Zuerst f\u00fchrte uns der Weg durch die Kellergasse von Stein, dann bergauf in die traumhafte Landschaft der Wachau mit stetem Blick auf die Donau, die einem sanft zu F\u00fc\u00dfen liegt. Faszinierend auch die Blicke hinunter in die gepflegten Weing\u00e4rten von Loiben und die Weinterrassen entlang des Weges. Dann, v\u00f6llig \u00fcberraschend bei ca. km 8, erwarteten uns die drei Genusswanderer mit einer herrlichen k\u00fchlen Labung \u2013 Prost. Nach insgesamt 10 km und drei gem\u00fctlichen Wanderstunden erreichten wir alle dann schlie\u00dflich die Altstadt von D\u00fcrnstein. Ein sehr gutes Mittagessen bei Zwettler Bier im \u201eAltes Presshaus\u201c belohnte uns f\u00fcr die M\u00fchen. Mit den Autos wurde anschlie\u00dfend wieder nach Krems zur\u00fcckgefahren. Der verbliebene Nachmittag stand zur freien Verf\u00fcgung.<\/p>\n\n\n\n<figure class=\"wp-block-gallery has-nested-images columns-default is-cropped wp-block-gallery-3 is-layout-flex wp-block-gallery-is-layout-flex\">\n<figure class=\"wp-block-image size-full\"><a href=\"https:\/\/demj.bplaced.net\/tv\/wp-content\/uploads\/2024\/10\/IMG_4099.jpg\"><img loading=\"lazy\" decoding=\"async\" width=\"1000\" height=\"750\" data-id=\"99\" src=\"https:\/\/demj.bplaced.net\/tv\/wp-content\/uploads\/2024\/10\/IMG_4099.jpg\" alt=\"\" class=\"wp-image-99\" srcset=\"https:\/\/demj.bplaced.net\/tv\/wp-content\/uploads\/2024\/10\/IMG_4099.jpg 1000w, https:\/\/demj.bplaced.net\/tv\/wp-content\/uploads\/2024\/10\/IMG_4099-300x225.jpg 300w, https:\/\/demj.bplaced.net\/tv\/wp-content\/uploads\/2024\/10\/IMG_4099-768x576.jpg 768w\" sizes=\"auto, (max-width: 1000px) 100vw, 1000px\" \/><\/a><\/figure>\n<\/figure>\n\n\n\n<p>Eine vinophile 8-Mann-Gruppe schloss sich Dieter Praxmarer an, der im Weingut Hagen in Rehberg eine Weinverkostung organisierte. Frau Ulrike Hagen erz\u00e4hlte uns kurzweilig und sehr kompetent \u00fcber das Weingut, die Lagen und B\u00f6den der Weine und die Kellerarbeit. Insgesamt durften wir&nbsp; 8 verschiedene Weine in einer ausgezeichneten Qualit\u00e4t verkosten. Es fiel uns daher nicht schwer, einige Wein-Kartons aus dem Kremstal mitzunehmen.<\/p>\n\n\n\n<figure class=\"wp-block-gallery has-nested-images columns-default is-cropped wp-block-gallery-4 is-layout-flex wp-block-gallery-is-layout-flex\">\n<figure class=\"wp-block-image size-full\"><a href=\"https:\/\/demj.bplaced.net\/tv\/wp-content\/uploads\/2024\/10\/IMG_4111.jpg\"><img loading=\"lazy\" decoding=\"async\" width=\"1000\" height=\"750\" data-id=\"100\" src=\"https:\/\/demj.bplaced.net\/tv\/wp-content\/uploads\/2024\/10\/IMG_4111.jpg\" alt=\"\" class=\"wp-image-100\" srcset=\"https:\/\/demj.bplaced.net\/tv\/wp-content\/uploads\/2024\/10\/IMG_4111.jpg 1000w, https:\/\/demj.bplaced.net\/tv\/wp-content\/uploads\/2024\/10\/IMG_4111-300x225.jpg 300w, https:\/\/demj.bplaced.net\/tv\/wp-content\/uploads\/2024\/10\/IMG_4111-768x576.jpg 768w\" sizes=\"auto, (max-width: 1000px) 100vw, 1000px\" \/><\/a><\/figure>\n<\/figure>\n\n\n\n<p>Das gemeinsame Abendessen erfolgte an diesem Tag im Hofbr\u00e4u am Steinertor \u2013 ein Brauhof mit einem wundersch\u00f6nen Biergarten &#8211; der ideale Ort f\u00fcr eine M\u00e4nnerriege! &nbsp;&nbsp;S` Bier und &nbsp;s` Essen haben bestens gemundet und ist auch reichlich aufgetragen worden,&nbsp; die Mauern haben kurz gewackelt und die Nachbartische haben nur so gestaunt, als wir den Walter ang`sungen ham \u2013 Prost&nbsp; &#8211; Sperrstund war \u2013 Bett gehn! (zumindest die meisten).<\/p>\n\n\n\n<p><strong>3.Tag<\/strong> \u2013 Beim Fr\u00fchst\u00fcck im Hotel \u201eUnter den Linden\u201c herrschte irgendwie noch eine gewisse Ruhe und Zur\u00fcckhaltung. Niemand versuchte diese zu erkl\u00e4ren. Der Vormittag stand dann zur freien Verf\u00fcgung. Die Mehrzahl entschied sich f\u00fcr den Besuch der Landesgalerie in Krems, in der drei verschiedene Ausstellungen zu besichtigen waren. Andere hingegen entdeckten bei einer kleinen Wanderung die beeindruckende Gr\u00f6\u00dfe des Universit\u00e4ts- Campus und hatten vom Kreuzberg aus eine wunderbare Perspektive auf die zu F\u00fc\u00dfen liegende Stadt mit der Donau und das gegen\u00fcberliegende Stift G\u00f6ttweig!<\/p>\n\n\n\n<figure class=\"wp-block-gallery has-nested-images columns-default is-cropped wp-block-gallery-5 is-layout-flex wp-block-gallery-is-layout-flex\">\n<figure class=\"wp-block-image size-full\"><a href=\"https:\/\/demj.bplaced.net\/tv\/wp-content\/uploads\/2024\/10\/IMG_4147.jpg\"><img loading=\"lazy\" decoding=\"async\" width=\"1000\" height=\"750\" data-id=\"101\" src=\"https:\/\/demj.bplaced.net\/tv\/wp-content\/uploads\/2024\/10\/IMG_4147.jpg\" alt=\"\" class=\"wp-image-101\" srcset=\"https:\/\/demj.bplaced.net\/tv\/wp-content\/uploads\/2024\/10\/IMG_4147.jpg 1000w, https:\/\/demj.bplaced.net\/tv\/wp-content\/uploads\/2024\/10\/IMG_4147-300x225.jpg 300w, https:\/\/demj.bplaced.net\/tv\/wp-content\/uploads\/2024\/10\/IMG_4147-768x576.jpg 768w\" sizes=\"auto, (max-width: 1000px) 100vw, 1000px\" \/><\/a><\/figure>\n<\/figure>\n\n\n\n<p>Nachdem wir dann Krems verlassen hatten, fuhren wir nach Aggstein \u2013 zu \u00d6sterreichs bekanntester Burgruine, die hoch oben \u00fcber der Donau thront und&nbsp; auf zwei steilen Felsk\u00f6pfen liegt. Bei einer hochinteressanten F\u00fchrung mit der M\u00e4rchenerz\u00e4hlerin Dena Seidl (einer ehemaligen Grieskirchnerin), brachte sie uns mit ihrer sympathischen Art viel Wissen \u00fcber die Ruine, \u00fcber die Zeit des sp\u00e4teren Mittelalters und der Raubritter, die Grausamkeiten des Georg Scheck von Wald mit der grausamen Legende des \u201eRoseng\u00e4rtlein\u201c, als auch lustige, abgeleitete Wortspielereien nahe.<\/p>\n\n\n\n<p><a><\/a>Letzter Programmpunkt vor der Heimreise war das abschlie\u00dfende Mittagessen im Langeggerhof&nbsp; in Maria Langegg, einem kleinen Wallfahrtsort im Dunkelsteinerwald.<\/p>\n\n\n\n<p>Ein sehr abwechslungsreicher und lustiger Riegenausflug ging letztlich nach einer nicht allzu langen R\u00fcckfahrt \u00fcber die Westautobahn zu Ende. &nbsp;Ganz gro\u00dfen Dank an unsere Fahrer Moosi und Walter und unserem Organisator Alfons !!!<\/p>\n\n\n\n<p>Herbert Aigner<\/p>\n","protected":false},"excerpt":{"rendered":"<p>Allj\u00e4hrlich, bereits am Beginn des neuen Turnjahres, findet unser Riegenausflug statt. Insgesamt 13 M\u00e4nner \u2013 mit entsprechenden Covid-Attesten ausgestattet, fanden sich p\u00fcnktlich am 28.September um 8 Uhr zur Abfahrt bei der Turnhalle ein. Ein erneut bestens von unserem Vorturner Alfons Mairhofer vorbereitetes 3-Tages-Programm (diesmal mit Kultur im Vordergrund),&nbsp; lag vor uns. In zwei gemieteten Kleinbussen [&hellip;]<\/p>\n","protected":false},"author":1,"featured_media":0,"parent":0,"menu_order":0,"comment_status":"closed","ping_status":"closed","template":"","meta":{"footnotes":""},"class_list":["post-93","page","type-page","status-publish","hentry"],"_links":{"self":[{"href":"https:\/\/demj.bplaced.net\/tv\/wp-json\/wp\/v2\/pages\/93","targetHints":{"allow":["GET"]}}],"collection":[{"href":"https:\/\/demj.bplaced.net\/tv\/wp-json\/wp\/v2\/pages"}],"about":[{"href":"https:\/\/demj.bplaced.net\/tv\/wp-json\/wp\/v2\/types\/page"}],"author":[{"embeddable":true,"href":"https:\/\/demj.bplaced.net\/tv\/wp-json\/wp\/v2\/users\/1"}],"replies":[{"embeddable":true,"href":"https:\/\/demj.bplaced.net\/tv\/wp-json\/wp\/v2\/comments?post=93"}],"version-history":[{"count":4,"href":"https:\/\/demj.bplaced.net\/tv\/wp-json\/wp\/v2\/pages\/93\/revisions"}],"predecessor-version":[{"id":104,"href":"https:\/\/demj.bplaced.net\/tv\/wp-json\/wp\/v2\/pages\/93\/revisions\/104"}],"wp:attachment":[{"href":"https:\/\/demj.bplaced.net\/tv\/wp-json\/wp\/v2\/media?parent=93"}],"curies":[{"name":"wp","href":"https:\/\/api.w.org\/{rel}","templated":true}]}}

<p>Alljährlich, bereits am Beginn des neuen Turnjahres, findet unser Riegenausflug statt. Insgesamt 13 Männer – mit entsprechenden Covid-Attesten ausgestattet, fanden sich pünktlich am 28.September um 8 Uhr zur Abfahrt bei der Turnhalle ein. Ein erneut bestens von unserem Vorturner Alfons Mairhofer vorbereitetes 3-Tages-Programm (diesmal mit Kultur im Vordergrund),&nbsp; lag vor uns. In zwei gemieteten Kleinbussen von Ford Danner – am Steuer Walter Heher und Moosi – ging es auf nach Melk, zum berühmten Stift und UNESCO- Welterbe.&nbsp; Angekommen am Parkplatz des Stiftes, wurden uns obligat von Pepi Eisenköck Knacker und Bier zur Jause gereicht. Diesmal jedoch, für so manchen erstmalig, „Braufux Hell“- Bier aus Grieskirchen.</p>



<figure class="wp-block-gallery has-nested-images columns-default is-cropped wp-block-gallery-1 is-layout-flex wp-block-gallery-is-layout-flex">
<figure class="wp-block-image size-full"><a href="https://demj.bplaced.net/tv/wp-content/uploads/2024/10/IMG_3996.jpg"><img loading="lazy" decoding="async" width="1000" height="750" data-id="94" src="https://demj.bplaced.net/tv/wp-content/uploads/2024/10/IMG_3996.jpg" alt="" class="wp-image-94" srcset="https://demj.bplaced.net/tv/wp-content/uploads/2024/10/IMG_3996.jpg 1000w, https://demj.bplaced.net/tv/wp-content/uploads/2024/10/IMG_3996-300x225.jpg 300w, https://demj.bplaced.net/tv/wp-content/uploads/2024/10/IMG_3996-768x576.jpg 768w" sizes="auto, (max-width: 1000px) 100vw, 1000px" /></a></figure>
</figure>



<p>In einer sehr interessant gehaltenen Führung durch das Stift mit Kaiserstiege, Marmorsaal, Stiftsbibliothek und Stiftskirche, konnten wir sehr viel über die Geschichte und die ausgestellten sakralen Kunstgegenstände des Stiftes erfahren. Nach einem anschließendem Rundgang bei strahlend blauem Himmel im Stiftspark trafen wir uns in der Altstadt zum Mittagessen.</p>



<p>Gut gestärkt setzten wir die Weiterfahrt durch die wunderschöne Wachau zu unserem Hotel in Krems fort. Nach dem Beziehen der Zimmer entschied sich der Großteil der Turner für den Besuch des nahegelegenen Karikaturmuseums. Eine Vierergruppe gab jedoch der sonnigen Terrasse des Restaurant „Wellenspiel“ den Vorzug. Später, zum vereinbarten Zeitpunkt,&nbsp; trafen sich wieder alle und es wurde durch das schöne Kremstal zur Burgruine Senftenberg gefahren. Im Innenhof der Ruine angekommen, überraschte uns dann Alfons mit einer grandiosen Einlage. Er zauberte in der Abendsonne 2 Flaschen super gekühlten Weißwein und schöne Weingläser hervor und wir stießen auf unseren Ausflug an – und das bei wunderbaren Ausblicken und angenehmen spätsommerlichen Temperaturen. Diese „Aktion“ war mehr als gelungen – bravo &amp; danke !!</p>



<figure class="wp-block-gallery has-nested-images columns-default is-cropped wp-block-gallery-2 is-layout-flex wp-block-gallery-is-layout-flex">
<figure class="wp-block-image size-full"><a href="https://demj.bplaced.net/tv/wp-content/uploads/2024/10/IMG_4029.jpg"><img loading="lazy" decoding="async" width="1000" height="750" data-id="97" src="https://demj.bplaced.net/tv/wp-content/uploads/2024/10/IMG_4029.jpg" alt="" class="wp-image-97" srcset="https://demj.bplaced.net/tv/wp-content/uploads/2024/10/IMG_4029.jpg 1000w, https://demj.bplaced.net/tv/wp-content/uploads/2024/10/IMG_4029-300x225.jpg 300w, https://demj.bplaced.net/tv/wp-content/uploads/2024/10/IMG_4029-768x576.jpg 768w" sizes="auto, (max-width: 1000px) 100vw, 1000px" /></a></figure>
</figure>



<p>Der Umtrunk war vermutlich so appetitanregend, dass es dann direkt zum Heurigen der Familie Judmann in der &nbsp;Rehberger Kellergasse weiterging. Bei einer zünftigen Heurigenjause und Wein wurde gemütlich zusammengesessen, ehe es wieder zurück nach Krems ging. &nbsp;Im nahen Hofbräu am Steinertor ging dann ein gelungener erster Ausflugstag mit gutem Münchner Bier als Absacker zu Ende.</p>



<p><strong>2.Tag</strong> – Gut, dass Wettervorsagen nicht immer stimmen, denn bei sehr gutem Wetter starteten 10 Weitwanderer hoch motiviert zur Wanderung auf dem „Welterbesteig Wachau“ von Krems nach Dürnstein. Zuerst führte uns der Weg durch die Kellergasse von Stein, dann bergauf in die traumhafte Landschaft der Wachau mit stetem Blick auf die Donau, die einem sanft zu Füßen liegt. Faszinierend auch die Blicke hinunter in die gepflegten Weingärten von Loiben und die Weinterrassen entlang des Weges. Dann, völlig überraschend bei ca. km 8, erwarteten uns die drei Genusswanderer mit einer herrlichen kühlen Labung – Prost. Nach insgesamt 10 km und drei gemütlichen Wanderstunden erreichten wir alle dann schließlich die Altstadt von Dürnstein. Ein sehr gutes Mittagessen bei Zwettler Bier im „Altes Presshaus“ belohnte uns für die Mühen. Mit den Autos wurde anschließend wieder nach Krems zurückgefahren. Der verbliebene Nachmittag stand zur freien Verfügung.</p>



<figure class="wp-block-gallery has-nested-images columns-default is-cropped wp-block-gallery-3 is-layout-flex wp-block-gallery-is-layout-flex">
<figure class="wp-block-image size-full"><a href="https://demj.bplaced.net/tv/wp-content/uploads/2024/10/IMG_4099.jpg"><img loading="lazy" decoding="async" width="1000" height="750" data-id="99" src="https://demj.bplaced.net/tv/wp-content/uploads/2024/10/IMG_4099.jpg" alt="" class="wp-image-99" srcset="https://demj.bplaced.net/tv/wp-content/uploads/2024/10/IMG_4099.jpg 1000w, https://demj.bplaced.net/tv/wp-content/uploads/2024/10/IMG_4099-300x225.jpg 300w, https://demj.bplaced.net/tv/wp-content/uploads/2024/10/IMG_4099-768x576.jpg 768w" sizes="auto, (max-width: 1000px) 100vw, 1000px" /></a></figure>
</figure>



<p>Eine vinophile 8-Mann-Gruppe schloss sich Dieter Praxmarer an, der im Weingut Hagen in Rehberg eine Weinverkostung organisierte. Frau Ulrike Hagen erzählte uns kurzweilig und sehr kompetent über das Weingut, die Lagen und Böden der Weine und die Kellerarbeit. Insgesamt durften wir&nbsp; 8 verschiedene Weine in einer ausgezeichneten Qualität verkosten. Es fiel uns daher nicht schwer, einige Wein-Kartons aus dem Kremstal mitzunehmen.</p>



<figure class="wp-block-gallery has-nested-images columns-default is-cropped wp-block-gallery-4 is-layout-flex wp-block-gallery-is-layout-flex">
<figure class="wp-block-image size-full"><a href="https://demj.bplaced.net/tv/wp-content/uploads/2024/10/IMG_4111.jpg"><img loading="lazy" decoding="async" width="1000" height="750" data-id="100" src="https://demj.bplaced.net/tv/wp-content/uploads/2024/10/IMG_4111.jpg" alt="" class="wp-image-100" srcset="https://demj.bplaced.net/tv/wp-content/uploads/2024/10/IMG_4111.jpg 1000w, https://demj.bplaced.net/tv/wp-content/uploads/2024/10/IMG_4111-300x225.jpg 300w, https://demj.bplaced.net/tv/wp-content/uploads/2024/10/IMG_4111-768x576.jpg 768w" sizes="auto, (max-width: 1000px) 100vw, 1000px" /></a></figure>
</figure>



<p>Das gemeinsame Abendessen erfolgte an diesem Tag im Hofbräu am Steinertor – ein Brauhof mit einem wunderschönen Biergarten &#8211; der ideale Ort für eine Männerriege! &nbsp;&nbsp;S` Bier und &nbsp;s` Essen haben bestens gemundet und ist auch reichlich aufgetragen worden,&nbsp; die Mauern haben kurz gewackelt und die Nachbartische haben nur so gestaunt, als wir den Walter ang`sungen ham – Prost&nbsp; &#8211; Sperrstund war – Bett gehn! (zumindest die meisten).</p>



<p><strong>3.Tag</strong> – Beim Frühstück im Hotel „Unter den Linden“ herrschte irgendwie noch eine gewisse Ruhe und Zurückhaltung. Niemand versuchte diese zu erklären. Der Vormittag stand dann zur freien Verfügung. Die Mehrzahl entschied sich für den Besuch der Landesgalerie in Krems, in der drei verschiedene Ausstellungen zu besichtigen waren. Andere hingegen entdeckten bei einer kleinen Wanderung die beeindruckende Größe des Universitäts- Campus und hatten vom Kreuzberg aus eine wunderbare Perspektive auf die zu Füßen liegende Stadt mit der Donau und das gegenüberliegende Stift Göttweig!</p>



<figure class="wp-block-gallery has-nested-images columns-default is-cropped wp-block-gallery-5 is-layout-flex wp-block-gallery-is-layout-flex">
<figure class="wp-block-image size-full"><a href="https://demj.bplaced.net/tv/wp-content/uploads/2024/10/IMG_4147.jpg"><img loading="lazy" decoding="async" width="1000" height="750" data-id="101" src="https://demj.bplaced.net/tv/wp-content/uploads/2024/10/IMG_4147.jpg" alt="" class="wp-image-101" srcset="https://demj.bplaced.net/tv/wp-content/uploads/2024/10/IMG_4147.jpg 1000w, https://demj.bplaced.net/tv/wp-content/uploads/2024/10/IMG_4147-300x225.jpg 300w, https://demj.bplaced.net/tv/wp-content/uploads/2024/10/IMG_4147-768x576.jpg 768w" sizes="auto, (max-width: 1000px) 100vw, 1000px" /></a></figure>
</figure>



<p>Nachdem wir dann Krems verlassen hatten, fuhren wir nach Aggstein – zu Österreichs bekanntester Burgruine, die hoch oben über der Donau thront und&nbsp; auf zwei steilen Felsköpfen liegt. Bei einer hochinteressanten Führung mit der Märchenerzählerin Dena Seidl (einer ehemaligen Grieskirchnerin), brachte sie uns mit ihrer sympathischen Art viel Wissen über die Ruine, über die Zeit des späteren Mittelalters und der Raubritter, die Grausamkeiten des Georg Scheck von Wald mit der grausamen Legende des „Rosengärtlein“, als auch lustige, abgeleitete Wortspielereien nahe.</p>



<p><a></a>Letzter Programmpunkt vor der Heimreise war das abschließende Mittagessen im Langeggerhof&nbsp; in Maria Langegg, einem kleinen Wallfahrtsort im Dunkelsteinerwald.</p>



<p>Ein sehr abwechslungsreicher und lustiger Riegenausflug ging letztlich nach einer nicht allzu langen Rückfahrt über die Westautobahn zu Ende. &nbsp;Ganz großen Dank an unsere Fahrer Moosi und Walter und unserem Organisator Alfons !!!</p>



<p>Herbert Aigner</p>

<p>Alljährlich, bereits am Beginn des neuen Turnjahres, findet unser Riegenausflug statt. Insgesamt 13 Männer – mit entsprechenden Covid-Attesten ausgestattet, fanden sich pünktlich am 28.September um 8 Uhr zur Abfahrt bei der Turnhalle ein. Ein erneut bestens von unserem Vorturner Alfons Mairhofer vorbereitetes 3-Tages-Programm (diesmal mit Kultur im Vordergrund),&nbsp; lag vor uns. In zwei gemieteten Kleinbussen [&hellip;]</p>
