{"id":352,"date":"2024-09-26T11:18:50","date_gmt":"2024-09-26T09:18:50","guid":{"rendered":"https:\/\/demj.bplaced.net\/wordpress\/?page_id=352"},"modified":"2024-09-26T11:18:50","modified_gmt":"2024-09-26T09:18:50","slug":"impressum","status":"publish","type":"page","link":"https:\/\/demj.bplaced.net\/wordpress\/impressum\/","title":{"rendered":"Impressum"},"content":{"rendered":"\n<p>Website der Maturaklasse VB 1969<br>der Bundeshandelsakademie Wels<br>F\u00fcr den Inhalt verantwortlich:<br>Mag. DI Johann Demelmair<br>4707 Schl\u00fc\u00dflberg, Schmiedgasse 7<br>Mobil <a href=\"tel:+436646571950\">+43 (0)664 5660930<\/a><br>Email <a href=\"mailto:j.demelmair@gmx.at\">j.demelmair@gmx.at<\/a><\/p>\n\n\n\n<p><\/p>\n","protected":false},"excerpt":{"rendered":"<p>Website der Maturaklasse VB 1969der Bundeshandelsakademie WelsF\u00fcr den Inhalt verantwortlich:Mag. DI Johann Demelmair4707 Schl\u00fc\u00dflberg, Schmiedgasse 7Mobil +43 (0)664 5660930Email j.demelmair@gmx.at<\/p>\n","protected":false},"author":1,"featured_media":0,"parent":0,"menu_order":0,"comment_status":"closed","ping_status":"closed","template":"","meta":{"footnotes":""},"class_list":["post-352","page","type-page","status-publish","hentry"],"_links":{"self":[{"href":"https:\/\/demj.bplaced.net\/wordpress\/wp-json\/wp\/v2\/pages\/352","targetHints":{"allow":["GET"]}}],"collection":[{"href":"https:\/\/demj.bplaced.net\/wordpress\/wp-json\/wp\/v2\/pages"}],"about":[{"href":"https:\/\/demj.bplaced.net\/wordpress\/wp-json\/wp\/v2\/types\/page"}],"author":[{"embeddable":true,"href":"https:\/\/demj.bplaced.net\/wordpress\/wp-json\/wp\/v2\/users\/1"}],"replies":[{"embeddable":true,"href":"https:\/\/demj.bplaced.net\/wordpress\/wp-json\/wp\/v2\/comments?post=352"}],"version-history":[{"count":1,"href":"https:\/\/demj.bplaced.net\/wordpress\/wp-json\/wp\/v2\/pages\/352\/revisions"}],"predecessor-version":[{"id":353,"href":"https:\/\/demj.bplaced.net\/wordpress\/wp-json\/wp\/v2\/pages\/352\/revisions\/353"}],"wp:attachment":[{"href":"https:\/\/demj.bplaced.net\/wordpress\/wp-json\/wp\/v2\/media?parent=352"}],"curies":[{"name":"wp","href":"https:\/\/api.w.org\/{rel}","templated":true}]}}